17, 72467
What are the prime factors of 320057394?
2, 3, 19, 2807521
List the prime factors of 1084049255.
5, 216809851
What are the prime factors of 18337187?
11, 23, 599
List the prime factors of 90452738.
2, 1381, 32749
What are the prime factors of 196694847?
3, 197, 110939
What are the prime factors of 148410221?
17, 8730013
List the prime factors of 77601406.
2, 38800703
List the prime factors of 5640931534.
2, 7, 17, 461, 51413
List the prime factors of 1812291122.
2, 1129, 802609
List the prime factors of 278893124.
2, 23, 37, 81931
List the prime factors of 411427253.
411427253
What are the prime factors of 897214851?
3, 13, 743, 10321
List the prime factors of 750340366.
2, 157, 2389619
What are the prime factors of 1708798459?
19, 89936761
List the prime factors of 565062424.
2, 89, 793627
List the prime factors of 1842184630.
2, 5, 11, 13, 269, 4789
List the prime factors of 37668417.
3, 12556139
What are the prime factors of 31428897?
3, 10476299
What are the prime factors of 1094035725?
3, 5, 31, 109, 1439
What are the prime factors of 13160404?
2, 983, 3347
What are the prime factors of 5188673324?
2, 1297168331
List the prime factors of 1301973674.
2, 4877, 133481
List the prime factors of 10983450.
2, 3, 5, 37, 1979
List the prime factors of 291388535.
5, 101, 577007
List the prime factors of 150864935.
5, 13, 23, 100913
List the prime factors of 445062721.
137, 547, 5939
What are the prime factors of 488947381?
13, 277, 135781
List the prime factors of 4418282829.
3, 3931, 374653
What are the prime factors of 22012077?
3, 31, 37, 6397
List the prime factors of 1996833147.
3, 23899, 27851
List the prime factors of 386299327.
386299327
What are the prime factors of 280327415?
5, 769, 72907
What are the prime factors of 2804857421?
17, 9705389
List the prime factors of 123076016.
2, 7, 739, 1487
List the prime factors of 668972587.
668972587
What are the prime factors of 6154303442?
2, 7, 41, 257, 41719
List the prime factors of 294837376.
2, 547, 4211
What are the prime factors of 99354997?
7, 59, 34367
What are the prime factors of 180467995?
5, 79, 456881
What are the prime factors of 169636777?
103, 1646959
What are the prime factors of 146709806?
2, 73354903
List the prime factors of 81121057.
37, 1451, 1511
List the prime factors of 40142829.
3, 13380943
What are the prime factors of 228228419?
228228419
List the prime factors of 7421183.
7, 11, 31, 3109
List the prime factors of 14050524.
2, 3, 229, 5113
List the prime factors of 294150275.
5, 977, 12043
What are the prime factors of 4872790659?
3, 11, 43, 47, 73063
What are the prime factors of 726327549?
3, 61, 1323001
List the prime factors of 25088384.
2, 196003
List the prime factors of 196285867.
1787, 109841
What are the prime factors of 5172044280?
2, 3, 5, 13, 277, 11969
List the prime factors of 639402425.
5, 2239, 11423
What are the prime factors of 32560609?
32560609
What are the prime factors of 406758443?
7, 13, 1229, 3637
What are the prime factors of 21545005?
5, 4309001
What are the prime factors of 1492285614?
2, 3, 167, 353, 4219
List the prime factors of 193832245.
5, 38766449
List the prime factors of 64606586.
2, 11, 23, 127681
What are the prime factors of 211164906?
2, 3, 35194151
What are the prime factors of 1001200135?
5, 13, 2797, 5507
List the prime factors of 387939958.
2, 7, 73, 211, 257
What are the prime factors of 79900643?
19, 23, 182839
List the prime factors of 266116628.
2, 1289, 51613
List the prime factors of 193913615.
5, 7, 227, 24407
What are the prime factors of 1588216822?
2, 794108411
List the prime factors of 6603548.
2, 7, 17, 13873
What are the prime factors of 14885337?
3, 41, 121019
What are the prime factors of 4666257?
3, 518473
List the prime factors of 324513909.
3, 79, 101, 4519
What are the prime factors of 136967942?
2, 137, 499883
What are the prime factors of 919171417?
19, 6373, 7591
What are the prime factors of 475493068?
2, 37, 3212791
What are the prime factors of 115114655?
5, 23, 43, 23279
List the prime factors of 32295968.
2, 37, 27277
List the prime factors of 59359569.
3, 271, 73013
What are the prime factors of 31809923?
107, 297289
What are the prime factors of 652419367?
79, 8258473
List the prime factors of 7226595388.
2, 1806648847
List the prime factors of 1445396692.
2, 361349173
What are the prime factors of 39109140?
2, 3, 5, 7, 31039
What are the prime factors of 2088349594?
2, 3203, 325999
What are the prime factors of 105074772?
2, 3, 11, 29, 27449
List the prime factors of 230263147.
17, 19, 712889
List the prime factors of 518191867.
59, 71, 103, 1201
List the prime factors of 2786805415.
5, 151, 181, 20393
What are the prime factors of 918797644?
2, 229699411
List the prime factors of 409468473.
3, 863, 17573
List the prime factors of 916549924.
2, 229137481
List the prime factors of 265726398.
2, 3, 7, 353, 17923
List the prime factors of 412059837.
3, 7, 19621897
What are the prime factors of 1448033117?
877, 1051, 1571
List the prime factors of 94408152.
2, 3, 103, 181, 211
What are the prime factors of 172947058?
2, 86473529
What are the prime factors of 2033781?
3, 677927
What are the prime factors of 225796197?
3, 11, 61, 223, 503
What are the prime factors of 1420099607?
17, 3701, 22571
What are the prime factors of 1230682431?
3, 11, 37293407
List the prime factors of 124805782.
2, 509, 122599
List the prime factors of 669982715.
5, 133996543
List the prime factors of 5001823774.
2, 31, 80674577
List the prime factors of 533904948.
2, 3, 71, 89, 2347
What are the prime factors of 937576858?
2, 277, 1692377
List the prime factors of 12458204.
2, 11, 59, 4799
List the prime factors of 15827563.
109, 145207
List the prime factors of 45915792.
2, 3, 13, 73583
What are the prime factors of 3571249497?
3, 1190416499
List the prime factors of 14824639.
419, 35381
What are the prime factors of 1137614?
2, 568807
List the prime factors of 1916469929.
11, 41, 293, 14503
List the prime factors of 331704877.
7, 2837, 16703
What are the prime factors of 1106397406?
2, 553198703
List the prime factors of 167177110.
2, 5, 23, 31, 23447
List the prime factors of 700381397.
433, 1617509
What are the prime factors of 1068849473?
1068849473
List the prime factors of 79253656.
2, 41, 47, 53, 97
What are the prime factors of 213218803?
7, 30459829
List the prime factors of 30142250.
2, 5, 120569
What are the prime factors of 31390837?
23, 37, 36887
What are the prime factors of 29031924?
2, 3, 19, 223, 571
List the prime factors of 583280657.
103, 5662919
List the prime factors of 2478612290.
2, 5, 7, 11, 1667, 1931
List the prime factors of 43590478.
2, 61, 431, 829
List the prime factors of 4225912248.
2, 3, 29, 503, 12071
List the prime factors of 4030988926.
2, 2015494463
List the prime factors of 205679922.
2, 3, 7, 43, 61, 1867
List the prime factors of 44674619.
11, 4061329
List the prime factors of 458148289.
458148289
What are the prime factors of 543784467?
3, 181261489
List the prime factors of 3291287604.
2, 3, 11, 29, 78163
What are the prime factors of 5387801861?
13, 19, 2111, 10333
List the prime factors of 256140258.
2, 3, 11, 17, 167, 1367
What are the prime factors of 235120932?
2, 3, 53, 123229
List the prime factors of 339866953.
2161, 157273
What are the prime factors of 23210838?
2, 3, 7, 41, 4493
List the prime factors of 3477286761.
3, 13, 61, 1461659
List the prime factors of 305859927.
3, 101953309
List the prime factors of 3196650414.
2, 3, 532775069
What are the prime factors of 495669081?
3, 165223027
What are the prime factors of 87254706?
2, 3, 7, 11, 188863
List the prime factors of 46831085.
5, 7, 29, 37, 43
What are the prime factors of 24478448?
2, 1529903
List the prime factors of 4183433577.
3, 53, 8770301
What are the prime factors of 3541057133?
67, 52851599
What are the prime factors of 332804183?
332804183
List the prime factors of 2300972.
2, 575243
List the prime factors of 533029120.
2, 5, 13, 103, 311
What are the prime factors of 155416732?
2, 19, 41, 49877
List the prime factors of 231296708.
2, 2521, 22937
What are the prime factors of 155778635?
5, 31155727
What are the prime factors of 67305021?
3, 7, 61, 52541
What are the prime factors of 9208